{"id":1664,"date":"2016-05-11T11:35:25","date_gmt":"2016-05-11T04:35:25","guid":{"rendered":"https:\/\/leminhphuoc.wordpress.com\/?page_id=1664"},"modified":"2023-09-07T12:17:00","modified_gmt":"2023-09-07T05:17:00","slug":"tiet-9","status":"publish","type":"page","link":"https:\/\/trochoiamnhac.com\/index.php\/am-nhac-pho-thong\/chuong-trinh-am-nhac-2006\/hoc-lieu-am-nhac-tieu-hoc\/dan-phim-dien-tu\/tiet-9\/","title":{"rendered":"B\u00e0i 9"},"content":{"rendered":"<p>B\u00c0I H\u00c1T GI\u1eccNG F-dur TRONG CH\u01af\u01a0NG TR\u00ccNH TI\u1ec2U H\u1eccC<\/p>\n<ol>\n<li>B\u1ed5 sung h\u1ee3p \u00e2m gi\u1ecdng F-dur <img decoding=\"async\" src=\"https:\/\/leminhphuoc.files.wordpress.com\/2016\/05\/bs-f-dur.png\" alt=\"BS F-dur\" width=\"623\" height=\"155\" \/><\/li>\n<li>B\u00e0i h\u00e1t gi\u1ecdng F-dur\n<ul>\n<li>L\u1edbp 1\n<ul>\n<li>Qu\u00ea h\u01b0\u01a1ng t\u01b0\u01a1i \u0111\u1eb9p <a href=\"https:\/\/youtu.be\/m0ZltPr2MQE?list=PLxs_kYWxveun5vRw9yzG_k9Q6sjh5w3V5\" target=\"_blank\" rel=\"noopener\">[Video]<\/a>\u00a0<a href=\"https:\/\/app.box.com\/s\/hjwsuoqqor7vh9d0ac1i8rnn1q3a5nag\" target=\"_blank\" rel=\"noopener\">[MIDI]<\/a>\u00a0<a href=\"https:\/\/app.box.com\/s\/slco9se0kek6ombuc92rf95u4544pu8a\" target=\"_blank\" rel=\"noopener\">[mp3]<\/a>\u00a0<a href=\"https:\/\/app.box.com\/s\/ghl7r89o8sd2op9nfmlxlaxv3ff5sjj4\" target=\"_blank\" rel=\"noopener\">[Ipad]<\/a>\u00a0<a href=\"http:\/\/leminhphuoc.esy.es\/hoclieu\/Lop1\/Baihat\/Arr_01_QuehuongtuoidepforAvidScorch.htm\" target=\"_blank\" rel=\"noopener\">[Scorch]<\/a>\u00a0<a href=\"https:\/\/app.box.com\/s\/401bfja1adfj7t6ppyd5jwamqd6f3o0d\" target=\"_blank\" rel=\"noopener\">[Sheet]<\/a><\/li>\n<li>M\u1eddi b\u1ea1n vui m\u00faa ca <a href=\"https:\/\/youtu.be\/ZjmJr4W3v4A?list=PLxs_kYWxveun5vRw9yzG_k9Q6sjh5w3V5\" target=\"_blank\" rel=\"noopener\">[Video]<\/a>\u00a0<a href=\"https:\/\/app.box.com\/s\/yg5fmd90c9dumnzf5rz6vd3m8uohbwrp\" target=\"_blank\" rel=\"noopener\">[MIDI]<\/a>\u00a0<a href=\"https:\/\/app.box.com\/s\/41d48mayyzry3elyxnvbvouwluz81a7m\" target=\"_blank\" rel=\"noopener\">[mp3]<\/a>\u00a0<a href=\"https:\/\/app.box.com\/s\/7n7m3apv150dqpl34nf4gyyimqq18aye\" target=\"_blank\" rel=\"noopener\">[Ipad]<\/a>\u00a0<a href=\"http:\/\/leminhphuoc.esy.es\/hoclieu\/Lop1\/Baihat\/Arr_02_MoibanvuimuacaforAvidScorch.htm\" target=\"_blank\" rel=\"noopener\">[Scorch]<\/a>\u00a0<a href=\"https:\/\/app.box.com\/s\/lwfwv8evskdso0q4qs1sfjxszkar57re\" target=\"_blank\" rel=\"noopener\">[Sheet]<\/a><\/li>\n<li>\u0110\u00e0n g\u00e0 con <a href=\"https:\/\/youtu.be\/w0zlm1_9hpY?list=PLxs_kYWxveun5vRw9yzG_k9Q6sjh5w3V5\" target=\"_blank\" rel=\"noopener\">[Video]<\/a>\u00a0<a href=\"https:\/\/app.box.com\/s\/es4elhyupsflsrgbmw5s81tfcxnwlcvj\" target=\"_blank\" rel=\"noopener\">[MIDI]<\/a>\u00a0<a href=\"https:\/\/app.box.com\/s\/vhm9xxpkvoqoryrxiapqgnte2ogvzafs\" target=\"_blank\" rel=\"noopener\">[mp3]<\/a>\u00a0<a href=\"https:\/\/app.box.com\/s\/6aboz7n5wzlqh493istywtpgvi6nn1uy\" target=\"_blank\" rel=\"noopener\">[Ipad]<\/a>\u00a0<a href=\"http:\/\/leminhphuoc.esy.es\/hoclieu\/Lop1\/Baihat\/Arr_05_DangaconforAvidScorch.htm\" target=\"_blank\" rel=\"noopener\">[Scorch]<\/a>\u00a0<a href=\"https:\/\/app.box.com\/s\/mqu89qb2804kfo4li4h1dcmwo0njqwf8\" target=\"_blank\" rel=\"noopener\">[Sheet]<\/a><\/li>\n<li>T\u1eadp t\u1ea7m v\u00f4ng <a href=\"https:\/\/youtu.be\/q2CbIMqGyzo?list=PLxs_kYWxveun5vRw9yzG_k9Q6sjh5w3V5\" target=\"_blank\" rel=\"noopener\">[Video]<\/a>\u00a0<a href=\"https:\/\/app.box.com\/s\/vxg1txdfzd9uxblz1xj7yga9r1y75kxu\" target=\"_blank\" rel=\"noopener\">[MIDI]<\/a>\u00a0<a href=\"https:\/\/app.box.com\/s\/wfm49axiip8m0t5lg4wvgmxqok2x4z8u\" target=\"_blank\" rel=\"noopener\">[mp3]<\/a>\u00a0<a href=\"https:\/\/app.box.com\/s\/s2kc96peir8in8b5mbqly58t6wbm84yn\" target=\"_blank\" rel=\"noopener\">[Ipad]<\/a>\u00a0<a href=\"http:\/\/leminhphuoc.esy.es\/hoclieu\/Lop1\/Baihat\/Arr_08_TaptamvongforAvidScorch.htm\" target=\"_blank\" rel=\"noopener\">[Scorch]<\/a>\u00a0<a href=\"https:\/\/app.box.com\/s\/68rjwwi11w8lsa9nvmrjmp47pdl0ho85\" target=\"_blank\" rel=\"noopener\">[Sheet]<\/a><\/li>\n<li>Qu\u1ea3 <a href=\"https:\/\/youtu.be\/QGzTDXGbFHk?list=PLxs_kYWxveun5vRw9yzG_k9Q6sjh5w3V5\" target=\"_blank\" rel=\"noopener\">[Video]<\/a>\u00a0<a href=\"https:\/\/app.box.com\/s\/phvjzq0yw05xqg6odqlnku30orc0j30w\" target=\"_blank\" rel=\"noopener\">[MIDI]<\/a>\u00a0<a href=\"https:\/\/app.box.com\/s\/kjtlatz8k7jcgrvfal3jkbmijou7n75o\" target=\"_blank\" rel=\"noopener\">[mp3]<\/a>\u00a0<a href=\"https:\/\/app.box.com\/s\/5vpzin0tz7h3txwctlybl031m7mv2qdy\" target=\"_blank\" rel=\"noopener\">[Ipad]<\/a>\u00a0<a href=\"http:\/\/leminhphuoc.esy.es\/hoclieu\/Lop1\/Baihat\/Arr_09_QuaforAvidScorch.htm\" target=\"_blank\" rel=\"noopener\">[Scorch]<\/a>\u00a0<a href=\"https:\/\/app.box.com\/s\/u545s5bdys3d8f0nf17bnafpp6mp18mm\" target=\"_blank\" rel=\"noopener\">[Sheet]<\/a><\/li>\n<li>H\u00f2a b\u00ecnh cho b\u00e9 <a href=\"https:\/\/youtu.be\/uTDCd6gxJCg?list=PLxs_kYWxveun5vRw9yzG_k9Q6sjh5w3V5\" target=\"_blank\" rel=\"noopener\">[Video]<\/a>\u00a0<a href=\"https:\/\/app.box.com\/s\/h2kldf98aebko9klrlm7hpnj84gbxxul\" target=\"_blank\" rel=\"noopener\">[MIDI]<\/a>\u00a0<a href=\"https:\/\/app.box.com\/s\/gicokcvuw7ux6zqtzmdio3h6436n0aqy\" target=\"_blank\" rel=\"noopener\">[mp3]<\/a>\u00a0<a href=\"https:\/\/app.box.com\/s\/nfsi9tl4zuw01xqto66vtaf03pjpj8v5\" target=\"_blank\" rel=\"noopener\">[Ipad]<\/a>\u00a0<a href=\"http:\/\/leminhphuoc.esy.es\/hoclieu\/Lop1\/Baihat\/Arr_10_HoabinhchobeforAvidScorch.htm\" target=\"_blank\" rel=\"noopener\">[Scorch]<\/a>\u00a0<a href=\"https:\/\/app.box.com\/s\/0wvsurk94og2tgrqigyujcvvhw3z5gcw\" target=\"_blank\" rel=\"noopener\">[Sheet]<\/a><\/li>\n<li>\u0110i t\u1edbi tr\u01b0\u1eddng <a href=\"https:\/\/youtu.be\/M4smEMZqHMQ?list=PLxs_kYWxveun5vRw9yzG_k9Q6sjh5w3V5\" target=\"_blank\" rel=\"noopener\">[Video]<\/a>\u00a0<a href=\"https:\/\/app.box.com\/s\/bwjw5ab4anv19h7s7ukol42ck35n6ugj\" target=\"_blank\" rel=\"noopener\">[MIDI]<\/a>\u00a0<a href=\"https:\/\/app.box.com\/s\/wyzg3g8xywgrunto80f4sf3ntcxrmbyv\" target=\"_blank\" rel=\"noopener\">[mp3]<\/a>\u00a0<a href=\"https:\/\/app.box.com\/s\/q4rzlwiwxozlcg1agsc9lm2aji9th812\" target=\"_blank\" rel=\"noopener\">[Ipad]<\/a>\u00a0<a href=\"http:\/\/leminhphuoc.esy.es\/hoclieu\/Lop1\/Baihat\/Arr_11_DitoitruongforAvidScorch.htm\" target=\"_blank\" rel=\"noopener\">[Scorch]<\/a>\u00a0<a href=\"https:\/\/app.box.com\/s\/1xlj85dtq493fz2zj2xpy4fv75xu65v3\" target=\"_blank\" rel=\"noopener\">[Sheet]<\/a><\/li>\n<\/ul>\n<\/li>\n<li>L\u1edbp 2\n<ul>\n<li>X\u00f2e hoa <a href=\"https:\/\/youtu.be\/euW6-YU3A1E\" target=\"_blank\" rel=\"noopener\">[Video]<\/a>\u00a0<a href=\"https:\/\/app.box.com\/s\/o0pstkjp4timcx8q6env0wiq3ri6r4hi\" target=\"_blank\" rel=\"noopener\">[MIDI]<\/a> <a href=\"https:\/\/app.box.com\/s\/no5qpb2hj0il67u22zgbzsarnoq7tovj\" target=\"_blank\" rel=\"noopener\">[mp3]<\/a> <a href=\"https:\/\/app.box.com\/s\/r59rof4xrf5ty2sf0jnmcd0y5ttxisbw\" target=\"_blank\" rel=\"noopener\">[Ipad]<\/a> <a href=\"http:\/\/leminhphuoc.esy.es\/hoclieu\/Lop2\/Baihat\/L2_02XoehoaforAvidScorch.htm\" target=\"_blank\" rel=\"noopener\">[Scorch]<\/a>\u00a0<a href=\"https:\/\/app.box.com\/s\/jor95c8hu8ztv9xh5ns2oti1lg0ck9bq\" target=\"_blank\" rel=\"noopener\">[Sheet]<\/a><\/li>\n<li>M\u00faa vui <a href=\"https:\/\/youtu.be\/gorzfIOv0Hk\" target=\"_blank\" rel=\"noopener\">[Video]<\/a>\u00a0<a href=\"https:\/\/app.box.com\/s\/qfmcc8yohlsfou75lcx8if3chsx7mjw5\" target=\"_blank\" rel=\"noopener\">[MIDI]<\/a> <a href=\"https:\/\/app.box.com\/s\/71slvunxmhz5wdyzaf3337olhgyi8871\" target=\"_blank\" rel=\"noopener\">[mp3]<\/a> <a href=\"https:\/\/app.box.com\/s\/e1l00enc4j5eylwcygkqfnnqoy2yjry5\" target=\"_blank\" rel=\"noopener\">[Ipad]<\/a> <a href=\"http:\/\/leminhphuoc.esy.es\/hoclieu\/Lop2\/Baihat\/L2_03MuavuiforAvidScorch.htm\" target=\"_blank\" rel=\"noopener\">[Scorch]<\/a>\u00a0<a href=\"https:\/\/app.box.com\/s\/2elsh47s0xv2avsjdfuy6krn0kqzijl2\" target=\"_blank\" rel=\"noopener\">[Sheet]<\/a><\/li>\n<li>Chi\u1ebfn s\u0129 t\u00ed hon <a href=\"https:\/\/youtu.be\/txogHo2cJbk\" target=\"_blank\" rel=\"noopener\">[Video]<\/a>\u00a0<a href=\"https:\/\/app.box.com\/s\/of7wd51t3szz090fcm6puxcn5twpdwfi\" target=\"_blank\" rel=\"noopener\">[MIDI]<\/a>\u00a0<a href=\"https:\/\/app.box.com\/s\/zm6g5lp389qo9k8y23g6liq7j9yjir46\" target=\"_blank\" rel=\"noopener\">[mp3]<\/a> <a href=\"https:\/\/app.box.com\/s\/qb0pqu4llgl2rehcc2jqika91cyfeexl\" target=\"_blank\" rel=\"noopener\">[Ipad]<\/a> <a href=\"http:\/\/leminhphuoc.esy.es\/hoclieu\/Lop2\/Baihat\/L2_06ChiensitihonforAvidScorch.htm\" target=\"_blank\" rel=\"noopener\">[Scorch]<\/a>\u00a0<a href=\"https:\/\/app.box.com\/s\/m4iv4lfinotoikmy4ix572d6dqz0aqcq\" target=\"_blank\" rel=\"noopener\">[Sheet]<\/a><\/li>\n<li>Ch\u00fa chim nh\u1ecf d\u1ec5 th\u01b0\u01a1ng <a href=\"https:\/\/youtu.be\/mM1uY1yzpA0?list=PLxs_kYWxveumF9be2kXKQrQoDZLIOe7wO\" target=\"_blank\" rel=\"noopener\">[Video]<\/a> <a href=\"https:\/\/app.box.com\/s\/xyvrup48tov6mxx1n0w7d1x13s7pty89\" target=\"_blank\" rel=\"noopener\">[MIDI]<\/a> <a href=\"https:\/\/app.box.com\/s\/17ypkpnjo5me8xbdt986ujsndyk6mtnp\" target=\"_blank\" rel=\"noopener\">[mp3]<\/a> <a href=\"https:\/\/app.box.com\/s\/kg4joh2v0uh2xsoz6248tskmgymj570x\" target=\"_blank\" rel=\"noopener\">[Ipad]<\/a> <a href=\"http:\/\/leminhphuoc.esy.es\/hoclieu\/Lop2\/Baihat\/L2_09ChuchimnhodethuongforAvidScorch.htm\" target=\"_blank\" rel=\"noopener\">[Scorch]<\/a> <a href=\"https:\/\/app.box.com\/s\/hc48b3ksqtnl6aya5bagw011wxgg637i\" target=\"_blank\" rel=\"noopener\">[Sheet]<\/a><\/li>\n<li>Ch\u00fa \u1ebfch con <a href=\"https:\/\/youtu.be\/SYCix6x60Ig\" target=\"_blank\" rel=\"noopener\">[Video]<\/a> <a href=\"https:\/\/app.box.com\/s\/bg7cf2h9g1ijsjmqzbuo9j95wdafqqb3\" target=\"_blank\" rel=\"noopener\">[MIDI]<\/a> <a href=\"https:\/\/app.box.com\/s\/b9jb829xtq9jyrov9dhtmyzdun3vb65f\" target=\"_blank\" rel=\"noopener\">[mp3]<\/a> <a href=\"https:\/\/app.box.com\/s\/lol1eguq8rtx899dxmwi34p6ym0vpbdk\" target=\"_blank\" rel=\"noopener\">[Ipad]<\/a> <a href=\"http:\/\/leminhphuoc.esy.es\/hoclieu\/Lop2\/Baihat\/L2_11ChuechconforAvidScorch.htm\" target=\"_blank\" rel=\"noopener\">[Scorch]<\/a> <a href=\"https:\/\/app.box.com\/s\/maihx7mvrox1jhvs1t8p0fnaoq2vbyoa\" target=\"_blank\" rel=\"noopener\">[Sheet]<\/a><\/li>\n<\/ul>\n<\/li>\n<li>L\u1edbp 3\n<ul>\n<li>C\u00f9ng m\u00faa h\u00e1t d\u01b0\u1edbi tr\u0103ng <a href=\"https:\/\/youtu.be\/-NMw5l8vP00\" target=\"_blank\" rel=\"noopener\">[Video]<\/a> <a href=\"https:\/\/app.box.com\/s\/aktjr0jhto68ocdvhkwb3h6eouun24yf\" target=\"_blank\" rel=\"noopener\">[MIDI]<\/a> <a href=\"https:\/\/app.box.com\/s\/74n3pe28mc6jqlmo8bze4b9y67obvtml\" target=\"_blank\" rel=\"noopener\">[mp3]<\/a> <a href=\"https:\/\/app.box.com\/s\/dd0fkgeyfmheyu5o8yqonhbidhxnoxz9\" target=\"_blank\" rel=\"noopener\">[Ipad]<\/a> <a href=\"http:\/\/leminhphuoc.esy.es\/hoclieu\/Lop3\/Baihat\/L3_09CungmuahatduoitrangforAvidScorch.htm\" target=\"_blank\" rel=\"noopener\">[Scorch]<\/a> <a href=\"https:\/\/app.box.com\/s\/q23id6ayiuzwpgp3v1vvq1cuqe961m9d\" target=\"_blank\" rel=\"noopener\">[Sheet]<\/a><\/li>\n<li>Ch\u1ecb ong n\u00e2u v\u00e0 em b\u00e9 <a href=\"https:\/\/youtu.be\/LvGil_VDPpI\" target=\"_blank\" rel=\"noopener\">[Video]<\/a> <a href=\"https:\/\/app.box.com\/s\/htizx5b8y4d0jtrszjlu5vn8m358bzja\" target=\"_blank\" rel=\"noopener\">[MIDI]<\/a> <a href=\"https:\/\/app.box.com\/s\/mjmv1xz29wa6102yyje33796hk7rjtrz\" target=\"_blank\" rel=\"noopener\">[mp3]<\/a> <a href=\"https:\/\/app.box.com\/s\/ix3lpok288aaxyy07m31rlr72to5n80g\" target=\"_blank\" rel=\"noopener\">[Ipad]<\/a> <a href=\"http:\/\/leminhphuoc.esy.es\/hoclieu\/Lop3\/Baihat\/L3_10ChiongnauvaembeforAvidScorch.htm\" target=\"_blank\" rel=\"noopener\">[Scorch]<\/a> <a href=\"https:\/\/app.box.com\/s\/9box23ons7o6lh4jj21ocxko9fjwnb3s\" target=\"_blank\" rel=\"noopener\">[Sheet]<\/a><\/li>\n<\/ul>\n<\/li>\n<li>L\u1edbp 4\n<ul>\n<li>Em y\u00eau h\u00f2a b\u00ecnh <a href=\"https:\/\/youtu.be\/9KFWXf2S1fo\" target=\"_blank\" rel=\"noopener\">[Video]<\/a> <a href=\"https:\/\/app.box.com\/s\/ltlq2ct5gvwz5kk39tr90fcpu2zzocbh\" target=\"_blank\" rel=\"noopener\">[MIDI]<\/a> <a href=\"https:\/\/app.box.com\/s\/ry5ol1jtb8gn0rtubij6stuz8ozz25mo\" target=\"_blank\" rel=\"noopener\">[mp3]<\/a> <a href=\"https:\/\/app.box.com\/s\/poc12f7wwvagyhicbd1p5k2jepleassc\" target=\"_blank\" rel=\"noopener\">[Ipad]<\/a> <a href=\"http:\/\/leminhphuoc.esy.es\/hoclieu\/Lop4\/BaiHat\/L4_01EmyeuhoabinhforAvidScorch.htm\" target=\"_blank\" rel=\"noopener\">[Scorch]<\/a> <a href=\"https:\/\/app.box.com\/s\/pnn597t8i3geld3si80s7nyp6ypejwn5\" target=\"_blank\" rel=\"noopener\">[Sheet]<\/a><\/li>\n<li>C\u00f2 l\u1ea3 <a href=\"https:\/\/youtu.be\/t5aYCvlv4_Y\" target=\"_blank\" rel=\"noopener\">[Video]<\/a> <a href=\"https:\/\/app.box.com\/s\/59yrjikfg9o7nrbqyfj7z9tsoko0myos\" target=\"_blank\" rel=\"noopener\">[MIDI]<\/a> <a href=\"https:\/\/app.box.com\/s\/j70afe9iyssj70t0j64pa6n5ho3yz5fv\" target=\"_blank\" rel=\"noopener\">[mp3]<\/a> <a href=\"https:\/\/app.box.com\/s\/qw6i65k3jauyvhax5lmls0spme6vk489\" target=\"_blank\" rel=\"noopener\">[Ipad]<\/a> <a href=\"http:\/\/leminhphuoc.esy.es\/hoclieu\/Lop4\/BaiHat\/L4_05ColaforAvidScorch.htm\" target=\"_blank\" rel=\"noopener\">[Scorch]<\/a> <a href=\"https:\/\/app.box.com\/s\/0esosk6brcr95d301piksytu8uoggf6x\" target=\"_blank\" rel=\"noopener\">[Sheet]<\/a><\/li>\n<li>B\u00e0n tay m\u1eb9 <a href=\"https:\/\/youtu.be\/v0fYm92vqlU\" target=\"_blank\" rel=\"noopener\">[Video]<\/a> <a href=\"https:\/\/app.box.com\/s\/3geafg5fy44tkf4ai1hd3975viwqlb03\" target=\"_blank\" rel=\"noopener\">[MIDI]<\/a> <a href=\"https:\/\/app.box.com\/s\/uzq8ogdqc94qv6pnjacl5zs5701k4zar\" target=\"_blank\" rel=\"noopener\">[mp3]<\/a> <a href=\"https:\/\/app.box.com\/s\/ammxdqkktv6m860om6eu84ng9bipq0cn\" target=\"_blank\" rel=\"noopener\">[Ipad]<\/a> <a href=\"http:\/\/leminhphuoc.esy.es\/hoclieu\/Lop4\/BaiHat\/L4_07BantaymeforAvidScorch.htm\" target=\"_blank\" rel=\"noopener\">[Scorch]<\/a> <a href=\"https:\/\/app.box.com\/s\/0wjvivy84oye3vh94j8gii5fcduimgkn\" target=\"_blank\" rel=\"noopener\">[Sheet]<\/a><\/li>\n<li>Chim s\u00e1o <a href=\"https:\/\/youtu.be\/KorurmkiD2s\" target=\"_blank\" rel=\"noopener\">[Video]<\/a> <a href=\"https:\/\/app.box.com\/s\/09xawwfi0grmq5e1tqde8fieibbmcumr\" target=\"_blank\" rel=\"noopener\">[MIDI]<\/a> <a href=\"https:\/\/app.box.com\/s\/2272djsn6buwhf3jgav7y3b4wvy4xzbo\" target=\"_blank\" rel=\"noopener\">[mp3]<\/a> <a href=\"https:\/\/app.box.com\/s\/r4woa1otfg5aw7jjy7cdcclcd2qnb7xc\" target=\"_blank\" rel=\"noopener\">[Ipad]<\/a> <a href=\"http:\/\/leminhphuoc.esy.es\/hoclieu\/Lop4\/BaiHat\/L4_08ChimsaoforAvidScorch.htm\" target=\"_blank\" rel=\"noopener\">[Scorch]<\/a> <a href=\"https:\/\/app.box.com\/s\/uv19ynx09wvz41pjorvxdnccrs4yep78\" target=\"_blank\" rel=\"noopener\">[Sheet]<\/a><\/li>\n<li>Ch\u00fa voi con \u1edf B\u1ea3n \u0110\u00f4n <a href=\"https:\/\/youtu.be\/LraYTWePKkQ\" target=\"_blank\" rel=\"noopener\">[Video]<\/a> <a href=\"https:\/\/app.box.com\/s\/d8e9rlj074zqk4ys2q9hi6psgsorfcbm\" target=\"_blank\" rel=\"noopener\">[MIDI]<\/a> <a href=\"https:\/\/app.box.com\/s\/r6svlannxlqsl6d2w934tjdpk11ahqmo\" target=\"_blank\" rel=\"noopener\">[mp3]<\/a> <a href=\"https:\/\/app.box.com\/s\/y263ttzxqyyfd2sgpw1aybimybil77ka\" target=\"_blank\" rel=\"noopener\">[Ipad]<\/a> <a href=\"http:\/\/leminhphuoc.esy.es\/hoclieu\/Lop4\/BaiHat\/L4_09ChuvoiconobanDonforAvidScorch.htm\" target=\"_blank\" rel=\"noopener\">[Scorch]<\/a> <a href=\"https:\/\/app.box.com\/s\/cawn5h9wtsp0dtlos0roga5pq010zyo9\" target=\"_blank\" rel=\"noopener\">[Sheet]<\/a><\/li>\n<li>Thi\u1ebfu nhi th\u1ebf gi\u1edbi li\u00ean hoan <a href=\"https:\/\/youtu.be\/8hM7XelcYbo\" target=\"_blank\" rel=\"noopener\">[Video]<\/a> <a href=\"https:\/\/app.box.com\/s\/r5lubisba4inqp3c0la581nq0j08t4qn\" target=\"_blank\" rel=\"noopener\">[MIDI]<\/a> <a href=\"https:\/\/app.box.com\/s\/c9ejzi7536ziyiqryjcq7p20873g10zc\" target=\"_blank\" rel=\"noopener\">[mp3]<\/a> <a href=\"https:\/\/app.box.com\/s\/rwe76wpowyq3tql49uava583i4vmpx8k\" target=\"_blank\" rel=\"noopener\">[Ipad]<\/a> <a href=\"http:\/\/leminhphuoc.esy.es\/hoclieu\/Lop4\/BaiHat\/L4_10ThieunhithegioilienhoanforAvidScorch.htm\" target=\"_blank\" rel=\"noopener\">[Scorch]<\/a> <a href=\"https:\/\/app.box.com\/s\/ecznygrs2cuiv6htinlo1n3urs6s8obw\" target=\"_blank\" rel=\"noopener\">[Sheet]<\/a><\/li>\n<\/ul>\n<\/li>\n<li>L\u1edbp 5\n<ul>\n<li>Reo vang b\u00ecnh minh <a href=\"https:\/\/youtu.be\/Dnd7gLFX2xo\" target=\"_blank\" rel=\"noopener\">[Video]<\/a> <a href=\"https:\/\/app.box.com\/s\/v0mzkd9zg04ufa30s940jmhhyjvoy4qa\" target=\"_blank\" rel=\"noopener\">[MIDI]<\/a> <a href=\"https:\/\/app.box.com\/s\/wwgba5buhbqglmhnzba69z2jrkyzyyek\" target=\"_blank\" rel=\"noopener\">[mp3]<\/a> <a href=\"https:\/\/app.box.com\/s\/q9qn29pz6warxcp2pc5sjcito4g5zzgb\" target=\"_blank\" rel=\"noopener\">[Ipad]<\/a> <a href=\"http:\/\/leminhphuoc.esy.es\/hoclieu\/Lop5\/BaiHat\/L5_01ReovangbinhminhforAvidScorch.htm\" target=\"_blank\" rel=\"noopener\">[Scorch]<\/a> <a href=\"https:\/\/app.box.com\/s\/7ygyfy87k0602mdw1fe0pjbpoe15lxew\" target=\"_blank\" rel=\"noopener\">[Sheet]<\/a><\/li>\n<li>Con chim hay h\u00f3t <a href=\"https:\/\/youtu.be\/NYMsaXr6dG0\" target=\"_blank\" rel=\"noopener\">[Video]<\/a> <a href=\"https:\/\/app.box.com\/s\/au8cx4zdvfwruxtxt3nlgcawho37rf3c\" target=\"_blank\" rel=\"noopener\">[MIDI]<\/a> <a href=\"https:\/\/app.box.com\/s\/3t9b48cbrm7dhjhrg1hdvfpius54xq8p\" target=\"_blank\" rel=\"noopener\">[mp3]<\/a> <a href=\"https:\/\/app.box.com\/s\/ajrtleix70tctzz1khykkawkxqh9ka8q\" target=\"_blank\" rel=\"noopener\">[Ipad]<\/a> <a href=\"http:\/\/leminhphuoc.esy.es\/hoclieu\/Lop5\/BaiHat\/L5_03ConchimhayhotforAvidScorch.htm\" target=\"_blank\" rel=\"noopener\">[Scorch]<\/a> <a href=\"https:\/\/app.box.com\/s\/3vhhvv891t05u1wci3jzvd2jq4ateqnj\" target=\"_blank\" rel=\"noopener\">[Sheet]<\/a><\/li>\n<li>D\u00e0n \u0111\u1ed3ng ca m\u00f9a h\u1ea1 <a href=\"https:\/\/youtu.be\/7ZWw68tq2VY\" target=\"_blank\" rel=\"noopener\">[Video]<\/a> <a href=\"https:\/\/app.box.com\/s\/n0hu8xntot9vvg9bsmy0bysbyy9a4j92\" target=\"_blank\" rel=\"noopener\">[MIDI]<\/a> <a href=\"https:\/\/app.box.com\/s\/v6gvjynar1tpa7fnzwk6nvgficdzx614\" target=\"_blank\" rel=\"noopener\">[mp3]<\/a> <a href=\"https:\/\/app.box.com\/s\/5wqhkasx8ujeuydj17iudj76cf87hu10\" target=\"_blank\" rel=\"noopener\">[Ipad]<\/a> <a href=\"http:\/\/leminhphuoc.esy.es\/hoclieu\/Lop5\/BaiHat\/L5_10DandongcamuahaforAvidScorch.htm\" target=\"_blank\" rel=\"noopener\">[Scorch]<\/a> <a href=\"https:\/\/app.box.com\/s\/6hr3si8siltqq9waj94fz5dtwthzn2bs\" target=\"_blank\" rel=\"noopener\">[Sheet]<\/a><\/li>\n<\/ul>\n<\/li>\n<\/ul>\n<\/li>\n<\/ol>\n","protected":false},"excerpt":{"rendered":"<p>B\u00c0I H\u00c1T GI\u1eccNG F-dur TRONG CH\u01af\u01a0NG TR\u00ccNH TI\u1ec2U H\u1eccC B\u1ed5 sung h\u1ee3p \u00e2m gi\u1ecdng F-dur B\u00e0i h\u00e1t gi\u1ecdng F-dur L\u1edbp 1 Qu\u00ea h\u01b0\u01a1ng t\u01b0\u01a1i \u0111\u1eb9p [&hellip;]<\/p>\n","protected":false},"author":2,"featured_media":0,"parent":1645,"menu_order":0,"comment_status":"closed","ping_status":"closed","template":"","meta":{"om_disable_all_campaigns":false,"_monsterinsights_skip_tracking":false,"_monsterinsights_sitenote_active":false,"_monsterinsights_sitenote_note":"","_monsterinsights_sitenote_category":0,"_uf_show_specific_survey":0,"_uf_disable_surveys":false,"footnotes":""},"class_list":["post-1664","page","type-page","status-publish","hentry"],"aioseo_notices":[],"_links":{"self":[{"href":"https:\/\/trochoiamnhac.com\/index.php\/wp-json\/wp\/v2\/pages\/1664","targetHints":{"allow":["GET"]}}],"collection":[{"href":"https:\/\/trochoiamnhac.com\/index.php\/wp-json\/wp\/v2\/pages"}],"about":[{"href":"https:\/\/trochoiamnhac.com\/index.php\/wp-json\/wp\/v2\/types\/page"}],"author":[{"embeddable":true,"href":"https:\/\/trochoiamnhac.com\/index.php\/wp-json\/wp\/v2\/users\/2"}],"replies":[{"embeddable":true,"href":"https:\/\/trochoiamnhac.com\/index.php\/wp-json\/wp\/v2\/comments?post=1664"}],"version-history":[{"count":3,"href":"https:\/\/trochoiamnhac.com\/index.php\/wp-json\/wp\/v2\/pages\/1664\/revisions"}],"predecessor-version":[{"id":2971,"href":"https:\/\/trochoiamnhac.com\/index.php\/wp-json\/wp\/v2\/pages\/1664\/revisions\/2971"}],"up":[{"embeddable":true,"href":"https:\/\/trochoiamnhac.com\/index.php\/wp-json\/wp\/v2\/pages\/1645"}],"wp:attachment":[{"href":"https:\/\/trochoiamnhac.com\/index.php\/wp-json\/wp\/v2\/media?parent=1664"}],"curies":[{"name":"wp","href":"https:\/\/api.w.org\/{rel}","templated":true}]}}