{"id":1652,"date":"2016-05-11T11:33:33","date_gmt":"2016-05-11T04:33:33","guid":{"rendered":"https:\/\/leminhphuoc.wordpress.com\/?page_id=1652"},"modified":"2023-09-07T12:11:13","modified_gmt":"2023-09-07T05:11:13","slug":"tiet-3","status":"publish","type":"page","link":"https:\/\/trochoiamnhac.com\/index.php\/am-nhac-pho-thong\/chuong-trinh-am-nhac-2006\/hoc-lieu-am-nhac-tieu-hoc\/dan-phim-dien-tu\/tiet-3\/","title":{"rendered":"B\u00e0i 3"},"content":{"rendered":"<ol>\n<li>T\u1eadp h\u00e1t v\u1edbi ph\u1ea7n \u0111\u1ec7m t\u1ef1 \u0111\u1ed9ng\n<ul>\n<li>M\u00faa vui <a href=\"https:\/\/youtu.be\/Cohw5_FQBwY\" target=\"_blank\" rel=\"noopener\">[Video]<\/a> <a href=\"https:\/\/app.box.com\/s\/2oqf9qnq02em3ni00raosqwtdyeb4tzu\" target=\"_blank\" rel=\"noopener\">[Sheet]<\/a> <img decoding=\"async\" class=\" size-large wp-image-1712 aligncenter\" src=\"https:\/\/leminhphuoc.files.wordpress.com\/2016\/05\/muavui.png?w=1024\" alt=\"MuaVui\" width=\"1024\" height=\"631\" \/><\/li>\n<li>H\u00f2a b\u00ecnh cho b\u00e9 <a href=\"https:\/\/youtu.be\/4xXooGFK6ro\" target=\"_blank\" rel=\"noopener\">[Video]<\/a> <a href=\"https:\/\/app.box.com\/s\/2oqf9qnq02em3ni00raosqwtdyeb4tzu\" target=\"_blank\" rel=\"noopener\">[Sheet]<\/a> <img decoding=\"async\" class=\" size-large wp-image-1713 aligncenter\" src=\"https:\/\/leminhphuoc.files.wordpress.com\/2016\/05\/hoabinhchobe.png?w=1024\" alt=\"HoaBinhChoBe\" width=\"1024\" height=\"537\" \/><\/li>\n<li>Ch\u00fa chim nh\u1ecf d\u1ec5 th\u01b0\u01a1ng <a href=\"https:\/\/youtu.be\/AJ27T9_ywGQ\" target=\"_blank\" rel=\"noopener\">[Video]<\/a> <a href=\"https:\/\/app.box.com\/s\/zy1fg2pr42p96knvc19ceko7howbomhw\" target=\"_blank\" rel=\"noopener\">[Sheet]<\/a> <img decoding=\"async\" class=\" size-large wp-image-1716 aligncenter\" src=\"https:\/\/leminhphuoc.files.wordpress.com\/2016\/05\/chuchimnhodethuong.png?w=1024\" alt=\"ChuChimNhoDeThuong\" width=\"1024\" height=\"653\" \/><\/li>\n<\/ul>\n<\/li>\n<li>B\u00e0i t\u1eadp Luy\u1ec7n ng\u00f3n <a href=\"https:\/\/youtu.be\/mO_NOmMC3Z4\" target=\"_blank\" rel=\"noopener\">[Video]<\/a> <a href=\"https:\/\/app.box.com\/s\/skkwphttpx8xjdyvnfgb8fphvhqaqbnz\" target=\"_blank\" rel=\"noopener\">[Sheet]<\/a>\u00a0<\/li>\n<\/ol>\n\n\n<figure class=\"wp-block-embed is-type-video is-provider-youtube wp-block-embed-youtube wp-embed-aspect-16-9 wp-has-aspect-ratio\"><div class=\"wp-block-embed__wrapper\">\n<iframe title=\"LuyenNgon03\" width=\"640\" height=\"360\" src=\"https:\/\/www.youtube.com\/embed\/mO_NOmMC3Z4?feature=oembed\" frameborder=\"0\" allow=\"accelerometer; autoplay; clipboard-write; encrypted-media; gyroscope; picture-in-picture; web-share\" referrerpolicy=\"strict-origin-when-cross-origin\" allowfullscreen><\/iframe>\n<\/div><\/figure>\n\n\n\n<figure class=\"wp-block-image size-large\"><img decoding=\"async\" width=\"819\" height=\"1024\" src=\"https:\/\/trochoiamnhac.com\/wp-content\/uploads\/2023\/09\/Luyen-ngon-3-819x1024.png\" alt=\"\" class=\"wp-image-2145\" srcset=\"https:\/\/trochoiamnhac.com\/wp-content\/uploads\/2023\/09\/Luyen-ngon-3-819x1024.png 819w, https:\/\/trochoiamnhac.com\/wp-content\/uploads\/2023\/09\/Luyen-ngon-3-240x300.png 240w, https:\/\/trochoiamnhac.com\/wp-content\/uploads\/2023\/09\/Luyen-ngon-3-768x961.png 768w, https:\/\/trochoiamnhac.com\/wp-content\/uploads\/2023\/09\/Luyen-ngon-3-1228x1536.png 1228w, https:\/\/trochoiamnhac.com\/wp-content\/uploads\/2023\/09\/Luyen-ngon-3-1637x2048.png 1637w\" sizes=\"(max-width: 819px) 100vw, 819px\" \/><\/figure>\n","protected":false},"excerpt":{"rendered":"<p>T\u1eadp h\u00e1t v\u1edbi ph\u1ea7n \u0111\u1ec7m t\u1ef1 \u0111\u1ed9ng M\u00faa vui [Video] [Sheet] H\u00f2a b\u00ecnh cho b\u00e9 [Video] [Sheet] Ch\u00fa chim nh\u1ecf d\u1ec5 th\u01b0\u01a1ng [Video] [Sheet] B\u00e0i [&hellip;]<\/p>\n","protected":false},"author":2,"featured_media":0,"parent":1645,"menu_order":0,"comment_status":"closed","ping_status":"closed","template":"","meta":{"om_disable_all_campaigns":false,"_monsterinsights_skip_tracking":false,"_monsterinsights_sitenote_active":false,"_monsterinsights_sitenote_note":"","_monsterinsights_sitenote_category":0,"_uf_show_specific_survey":0,"_uf_disable_surveys":false,"footnotes":""},"class_list":["post-1652","page","type-page","status-publish","hentry"],"aioseo_notices":[],"_links":{"self":[{"href":"https:\/\/trochoiamnhac.com\/index.php\/wp-json\/wp\/v2\/pages\/1652","targetHints":{"allow":["GET"]}}],"collection":[{"href":"https:\/\/trochoiamnhac.com\/index.php\/wp-json\/wp\/v2\/pages"}],"about":[{"href":"https:\/\/trochoiamnhac.com\/index.php\/wp-json\/wp\/v2\/types\/page"}],"author":[{"embeddable":true,"href":"https:\/\/trochoiamnhac.com\/index.php\/wp-json\/wp\/v2\/users\/2"}],"replies":[{"embeddable":true,"href":"https:\/\/trochoiamnhac.com\/index.php\/wp-json\/wp\/v2\/comments?post=1652"}],"version-history":[{"count":3,"href":"https:\/\/trochoiamnhac.com\/index.php\/wp-json\/wp\/v2\/pages\/1652\/revisions"}],"predecessor-version":[{"id":2965,"href":"https:\/\/trochoiamnhac.com\/index.php\/wp-json\/wp\/v2\/pages\/1652\/revisions\/2965"}],"up":[{"embeddable":true,"href":"https:\/\/trochoiamnhac.com\/index.php\/wp-json\/wp\/v2\/pages\/1645"}],"wp:attachment":[{"href":"https:\/\/trochoiamnhac.com\/index.php\/wp-json\/wp\/v2\/media?parent=1652"}],"curies":[{"name":"wp","href":"https:\/\/api.w.org\/{rel}","templated":true}]}}