{"id":1057,"date":"2015-06-11T12:46:12","date_gmt":"2015-06-11T05:46:12","guid":{"rendered":"https:\/\/leminhphuoc.wordpress.com\/?page_id=1057"},"modified":"2015-06-11T12:46:12","modified_gmt":"2015-06-11T05:46:12","slug":"lop-3","status":"publish","type":"page","link":"https:\/\/trochoiamnhac.com\/index.php\/am-nhac-pho-thong\/chuong-trinh-am-nhac-2006\/hoc-lieu-am-nhac-tieu-hoc\/xuong-am\/bai-xuong-am\/lop-3\/","title":{"rendered":"L\u1edbp 3"},"content":{"rendered":"<ol>\n<li>Qu\u1ed1c ca [youtube https:\/\/youtu.be\/aPkmnaT9oDM]<\/li>\n<li>B\u00e0i ca \u0111i h\u1ecdc [youtube https:\/\/youtu.be\/4XtMAySeTVw]<\/li>\n<li>\u0110\u1ebfm sao [youtube https:\/\/youtu.be\/_Bavg7paJeY]<\/li>\n<li>G\u00e0 g\u00e1y [youtube https:\/\/youtu.be\/crJQ9fREaAQ]<\/li>\n<li>L\u1edbp ch\u00fang ta \u0111o\u00e0n k\u1ebft [youtube https:\/\/youtu.be\/xkpWVA8bFzM]<\/li>\n<li>Con chim non [youtube https:\/\/youtu.be\/8cdgczHVgM4]<\/li>\n<li>Ng\u00e0y m\u00f9a vui [youtube https:\/\/youtu.be\/lAjHelBOrdE]<\/li>\n<li>Em y\u00eau tr\u01b0\u1eddng em [youtube https:\/\/youtu.be\/3IEw3qhnoR4]<\/li>\n<li>C\u00f9ng m\u00faa h\u00e1t d\u01b0\u1edbi tr\u0103ng [youtube https:\/\/youtu.be\/myLIPI0aa3w]<\/li>\n<li>Ch\u1ecb ong n\u00e2u v\u00e0 em b\u00e9 [youtube \u00a0https:\/\/youtu.be\/H_o1PIbTTGI]<\/li>\n<li>Ti\u1ebfng h\u00e1t b\u1ea1n b\u00e8 m\u00ecnh [youtube https:\/\/youtu.be\/BDf-z5dAC5o]<\/li>\n<\/ol>\n","protected":false},"excerpt":{"rendered":"<p>Qu\u1ed1c ca [youtube https:\/\/youtu.be\/aPkmnaT9oDM] B\u00e0i ca \u0111i h\u1ecdc [youtube https:\/\/youtu.be\/4XtMAySeTVw] \u0110\u1ebfm sao [youtube https:\/\/youtu.be\/_Bavg7paJeY] G\u00e0 g\u00e1y [youtube https:\/\/youtu.be\/crJQ9fREaAQ] L\u1edbp ch\u00fang ta \u0111o\u00e0n k\u1ebft [youtube https:\/\/youtu.be\/xkpWVA8bFzM] [&hellip;]<\/p>\n","protected":false},"author":2,"featured_media":0,"parent":1868,"menu_order":0,"comment_status":"open","ping_status":"closed","template":"","meta":{"om_disable_all_campaigns":false,"_monsterinsights_skip_tracking":false,"_monsterinsights_sitenote_active":false,"_monsterinsights_sitenote_note":"","_monsterinsights_sitenote_category":0,"_uf_show_specific_survey":0,"_uf_disable_surveys":false,"footnotes":""},"class_list":["post-1057","page","type-page","status-publish","hentry"],"aioseo_notices":[],"_links":{"self":[{"href":"https:\/\/trochoiamnhac.com\/index.php\/wp-json\/wp\/v2\/pages\/1057","targetHints":{"allow":["GET"]}}],"collection":[{"href":"https:\/\/trochoiamnhac.com\/index.php\/wp-json\/wp\/v2\/pages"}],"about":[{"href":"https:\/\/trochoiamnhac.com\/index.php\/wp-json\/wp\/v2\/types\/page"}],"author":[{"embeddable":true,"href":"https:\/\/trochoiamnhac.com\/index.php\/wp-json\/wp\/v2\/users\/2"}],"replies":[{"embeddable":true,"href":"https:\/\/trochoiamnhac.com\/index.php\/wp-json\/wp\/v2\/comments?post=1057"}],"version-history":[{"count":0,"href":"https:\/\/trochoiamnhac.com\/index.php\/wp-json\/wp\/v2\/pages\/1057\/revisions"}],"up":[{"embeddable":true,"href":"https:\/\/trochoiamnhac.com\/index.php\/wp-json\/wp\/v2\/pages\/1868"}],"wp:attachment":[{"href":"https:\/\/trochoiamnhac.com\/index.php\/wp-json\/wp\/v2\/media?parent=1057"}],"curies":[{"name":"wp","href":"https:\/\/api.w.org\/{rel}","templated":true}]}}